{"id":332,"date":"2016-11-10T18:52:52","date_gmt":"2016-11-10T23:52:52","guid":{"rendered":"https:\/\/missionlte.ca\/continuite-des-affaires\/accueil-2\/"},"modified":"2017-06-19T13:57:44","modified_gmt":"2017-06-19T17:57:44","slug":"a-propos","status":"publish","type":"page","link":"https:\/\/missionlte.ca\/continuite-des-affaires\/a-propos\/","title":{"rendered":"\u00c0 propos"},"content":{"rendered":"\n  <div class=\"banner has-hover\" id=\"banner-1669537878\">\n          <div class=\"banner-inner fill\">\n        <div class=\"banner-bg fill\" >\n            <div class=\"bg fill bg-fill \"><\/div>\n                                    \n                    <\/div>\n        <div class=\"banner-layers container\">\n            <div class=\"fill banner-link\"><\/div>            \n   <div id=\"text-box-164247441\" class=\"text-box banner-layer x50 md-x50 lg-x50 y100 md-y100 lg-y100 res-text\">\n                                <div class=\"text dark\">\n              \n\t<div class=\"is-border\"\n\t\tstyle=\"border-width:1px 1px 1px 1px;margin:0px 0px 0px 0px;\">\n\t<\/div>\n              <div class=\"text-inner text-center\">\n                  \n<h3 class=\"uppercase\" style=\"text-align: center;\"><strong> Votre R\u00e9f\u00e9rence en Continuit\u00e9 des Affaires<\/strong><\/h3>\n              <\/div>\n           <\/div>\n                            \n<style>\n#text-box-164247441 .text {\n  background-color: rgba(0, 0, 0, 0.49);\n  font-size: 100%;\n}\n#text-box-164247441 .text-inner {\n  padding: 5px 5px 5px 5px;\n}\n#text-box-164247441 {\n  width: 100%;\n}\n<\/style>\n    <\/div>\n \n        <\/div>\n      <\/div>\n\n            \n<style>\n#banner-1669537878 {\n  padding-top: 200px;\n}\n#banner-1669537878 .bg.bg-loaded {\n  background-image: url(https:\/\/missionlte.ca\/continuite-des-affaires\/wp-content\/uploads\/2017\/02\/Qui-sommes-nous-Rel\u00e8ve-Internet-Panne-connexion-urgence-LTE-Montr\u00e9al-Quebec-11.jpg);\n}\n@media (min-width:550px) {\n  #banner-1669537878 {\n    padding-top: 270px;\n  }\n}\n<\/style>\n  <\/div>\n\n\n\t<div id=\"gap-1985313570\" class=\"gap-element clearfix\" style=\"display:block; height:auto;\">\n\t\t\n<style>\n#gap-1985313570 {\n  padding-top: 30px;\n}\n<\/style>\n\t<\/div>\n\t\n<div class=\"message-box relative\" style=\"padding-top:10px;padding-bottom:10px;\"><div class=\"message-box-bg-image bg-fill fill\" ><\/div><div class=\"message-box-bg-overlay bg-fill fill\" style=\"background-color:rgb(239, 239, 239);\"><\/div><div class=\"container relative\"><div class=\"inner last-reset\">\n<div class=\"row align-middle\"  id=\"row-767836603\">\n\n\t<div id=\"col-1298477802\" class=\"col medium-7 small-12 large-7\"  >\n\t\t<div class=\"col-inner\"  >\n\t\t\t\n\t\t\t\n<h2 class=\"uppercase\">\u00c0 PROPOS<\/h2>\n\t\t<\/div>\n\t\t\t<\/div>\n\n\t\n\n\t<div id=\"col-722665765\" class=\"col medium-5 small-12 large-5\"  >\n\t\t<div class=\"col-inner text-right\"  >\n\t\t\t\n\t\t\t\n\t\t<\/div>\n\t\t\t<\/div>\n\n\t\n<\/div>\n<\/div><\/div><\/div>\n\t<div id=\"gap-1185868734\" class=\"gap-element clearfix\" style=\"display:block; height:auto;\">\n\t\t\n<style>\n#gap-1185868734 {\n  padding-top: 5px;\n}\n<\/style>\n\t<\/div>\n\t\n\t<section class=\"section\" id=\"section_1701020058\">\n\t\t<div class=\"bg section-bg fill bg-fill  bg-loaded\" >\n\n\t\t\t\n\t\t\t<div class=\"section-bg-overlay absolute fill\"><\/div>\n\t\t\t\n\t<div class=\"is-border\"\n\t\tstyle=\"border-width:1px 0px 1px 0px;\">\n\t<\/div>\n\n\t\t<\/div>\n\n\t\t<div class=\"section-content relative\">\n\t\t\t\n<div class=\"row row-large align-middle\"  id=\"row-704449099\">\n\n\t<div id=\"col-1852509967\" class=\"col small-12 large-12\"  >\n\t\t<div class=\"col-inner text-left\"  >\n\t\t\t\n\t\t\t\n<div class=\"container section-title-container\" ><h3 class=\"section-title section-title-normal\"><b><\/b><span class=\"section-title-main\" >Qui est Mission LTE Inc ?<\/span><b><\/b><\/h3><\/div>\n<p style=\"text-align: justify;\">Une entreprise aidant les entreprises &agrave; s&eacute;curiser leurs t&eacute;l&eacute;communications en offrant des services de connectivit&eacute; secondaire sans-fil.<\/p>\n\t<div id=\"gap-190765169\" class=\"gap-element clearfix\" style=\"display:block; height:auto;\">\n\t\t\n<style>\n#gap-190765169 {\n  padding-top: 30px;\n}\n<\/style>\n\t<\/div>\n\t\n<div class=\"container section-title-container\" ><h3 class=\"section-title section-title-normal\"><b><\/b><span class=\"section-title-main\" >Qui sommes-nous ?<\/span><b><\/b><\/h3><\/div>\n<p>Une \u00c9quipe solide et chevronn\u00e9e totalisant plus de 80 ans d\u2019exp\u00e9rience en T\u00e9l\u00e9coms.<\/p>\n\t<div id=\"gap-209023747\" class=\"gap-element clearfix\" style=\"display:block; height:auto;\">\n\t\t\n<style>\n#gap-209023747 {\n  padding-top: 30px;\n}\n<\/style>\n\t<\/div>\n\t\n<div class=\"container section-title-container\" ><h3 class=\"section-title section-title-normal\"><b><\/b><span class=\"section-title-main\" >Code d\u2019\u00e9thique et de conduite Mission LTE Inc<\/span><b><\/b><\/h3><\/div>\n<p class=\"m_-2756797267137405864MsoTitle\" style=\"text-align: justify;\"><span lang=\"FR-CA\">Il importe donc d&rsquo;avoir un comportement et une parfaite int&eacute;grit&eacute; en affaire et dans nos relations envers notre &Eacute;quipe et nos Clients.<\/span><\/p>\n<p class=\"m_-2756797267137405864MsoTitle\" style=\"text-align: justify;\"><span lang=\"FR-CA\">C&rsquo;est pour ses raisons que ;&nbsp;<\/span><\/p>\n<ul>\n<li class=\"m_-2756797267137405864MsoTitle\" style=\"text-align: justify;\"><span lang=\"FR-CA\">Nous devons en tout temps traiter nos clients avec respect, int&eacute;grit&eacute;<span style=\"text-decoration: underline;\">&nbsp;<\/span><\/span>et professionnalisme. Nous devons &eacute;galement &ecirc;tre trait&eacute;s avec respect en tout temps par nos clients et nos partenaires.<\/li>\n<li class=\"m_-2756797267137405864MsoTitle\" style=\"text-align: justify;\"><span lang=\"FR-CA\">Nous devons &ecirc;tre respectueux des d&eacute;cisions et des r&egrave;gles de notre entreprise.<\/span><\/li>\n<li class=\"m_-2756797267137405864MsoTitle\" style=\"text-align: justify;\"><span lang=\"FR-CA\">Nous devons respecter la confidentialit&eacute; de l&rsquo;information, la s&eacute;curit&eacute; et l&rsquo;int&eacute;grit&eacute; des renseignements se rapportant aux autres,<span style=\"text-decoration: underline;\">&nbsp;<\/span><\/span>et ce, qu&rsquo;ils concernent les clients, les fournisseurs et les membres Mission LTE Inc. &nbsp;<\/li>\n<\/ul>\n\t<div id=\"gap-771491510\" class=\"gap-element clearfix\" style=\"display:block; height:auto;\">\n\t\t\n<style>\n#gap-771491510 {\n  padding-top: 30px;\n}\n<\/style>\n\t<\/div>\n\t\n<a href=\"https:\/\/missionlte.ca\/continuite-des-affaires\/nos-services\/\" target=\"_self\" class=\"button primary\"  >\n    <span>En savoir plus sur nos services<\/span>\n  <\/a>\n\n\t\t<\/div>\n\t\t\t<\/div>\n\n\t\n<\/div>\n\t\t<\/div>\n\n\t\t\n<style>\n#section_1701020058 {\n  padding-top: 60px;\n  padding-bottom: 60px;\n  background-color: rgb(233, 233, 233);\n}\n#section_1701020058 .section-bg-overlay {\n  background-color: rgba(255, 255, 255, 0.85);\n}\n<\/style>\n\t<\/section>\n\t\n","protected":false},"excerpt":{"rendered":"","protected":false},"author":1,"featured_media":12,"parent":0,"menu_order":1,"comment_status":"closed","ping_status":"closed","template":"","meta":{"inline_featured_image":false,"_exactmetrics_skip_tracking":false,"_exactmetrics_sitenote_active":false,"_exactmetrics_sitenote_note":"","_exactmetrics_sitenote_category":0,"footnotes":""},"class_list":["post-332","page","type-page","status-publish","has-post-thumbnail","hentry"],"yoast_head":"<!-- This site is optimized with the Yoast SEO plugin v25.3 - https:\/\/yoast.com\/wordpress\/plugins\/seo\/ -->\n<title>\u00c0 Propos - Votre R\u00e9f\u00e9rence en Continuit\u00e9 des Affaires<\/title>\n<meta name=\"description\" content=\"Il importe donc d\u2019avoir un comportement et une parfaite int\u00e9grit\u00e9 en affaire et dans nos relations envers notre \u00c9quipe et nos Clients.\" \/>\n<meta name=\"robots\" content=\"index, follow, max-snippet:-1, max-image-preview:large, max-video-preview:-1\" \/>\n<link rel=\"canonical\" href=\"https:\/\/missionlte.ca\/continuite-des-affaires\/a-propos\/\" \/>\n<meta name=\"twitter:card\" content=\"summary_large_image\" \/>\n<meta name=\"twitter:title\" content=\"\u00c0 Propos - Votre R\u00e9f\u00e9rence en Continuit\u00e9 des Affaires\" \/>\n<meta name=\"twitter:description\" content=\"Il importe donc d\u2019avoir un comportement et une parfaite int\u00e9grit\u00e9 en affaire et dans nos relations envers notre \u00c9quipe et nos Clients.\" \/>\n<meta name=\"twitter:image\" content=\"https:\/\/missionlte.ca\/continuite-des-affaires\/wp-content\/uploads\/2016\/08\/dummy-1.jpg\" \/>\n<meta name=\"twitter:label1\" content=\"Est. reading time\" \/>\n\t<meta name=\"twitter:data1\" content=\"2 minutes\" \/>\n<script type=\"application\/ld+json\" class=\"yoast-schema-graph\">{\"@context\":\"https:\/\/schema.org\",\"@graph\":[{\"@type\":\"WebPage\",\"@id\":\"https:\/\/missionlte.ca\/continuite-des-affaires\/a-propos\/\",\"url\":\"https:\/\/missionlte.ca\/continuite-des-affaires\/a-propos\/\",\"name\":\"\u00c0 Propos - Votre R\u00e9f\u00e9rence en Continuit\u00e9 des Affaires\",\"isPartOf\":{\"@id\":\"https:\/\/missionlte.ca\/continuite-des-affaires\/#website\"},\"primaryImageOfPage\":{\"@id\":\"https:\/\/missionlte.ca\/continuite-des-affaires\/a-propos\/#primaryimage\"},\"image\":{\"@id\":\"https:\/\/missionlte.ca\/continuite-des-affaires\/a-propos\/#primaryimage\"},\"thumbnailUrl\":\"https:\/\/missionlte.ca\/continuite-des-affaires\/wp-content\/uploads\/2016\/08\/dummy-1.jpg\",\"datePublished\":\"2016-11-10T23:52:52+00:00\",\"dateModified\":\"2017-06-19T17:57:44+00:00\",\"description\":\"Il importe donc d\u2019avoir un comportement et une parfaite int\u00e9grit\u00e9 en affaire et dans nos relations envers notre \u00c9quipe et nos Clients.\",\"breadcrumb\":{\"@id\":\"https:\/\/missionlte.ca\/continuite-des-affaires\/a-propos\/#breadcrumb\"},\"inLanguage\":\"en-US\",\"potentialAction\":[{\"@type\":\"ReadAction\",\"target\":[\"https:\/\/missionlte.ca\/continuite-des-affaires\/a-propos\/\"]}]},{\"@type\":\"ImageObject\",\"inLanguage\":\"en-US\",\"@id\":\"https:\/\/missionlte.ca\/continuite-des-affaires\/a-propos\/#primaryimage\",\"url\":\"https:\/\/missionlte.ca\/continuite-des-affaires\/wp-content\/uploads\/2016\/08\/dummy-1.jpg\",\"contentUrl\":\"https:\/\/missionlte.ca\/continuite-des-affaires\/wp-content\/uploads\/2016\/08\/dummy-1.jpg\",\"width\":400,\"height\":260},{\"@type\":\"BreadcrumbList\",\"@id\":\"https:\/\/missionlte.ca\/continuite-des-affaires\/a-propos\/#breadcrumb\",\"itemListElement\":[{\"@type\":\"ListItem\",\"position\":1,\"name\":\"Home\",\"item\":\"https:\/\/missionlte.ca\/continuite-des-affaires\/\"},{\"@type\":\"ListItem\",\"position\":2,\"name\":\"\u00c0 propos\"}]},{\"@type\":\"WebSite\",\"@id\":\"https:\/\/missionlte.ca\/continuite-des-affaires\/#website\",\"url\":\"https:\/\/missionlte.ca\/continuite-des-affaires\/\",\"name\":\"Mission LTE\",\"description\":\"Votre R\u00e9f\u00e9rence en Continuit\u00e9 des Affaires\",\"publisher\":{\"@id\":\"https:\/\/missionlte.ca\/continuite-des-affaires\/#organization\"},\"potentialAction\":[{\"@type\":\"SearchAction\",\"target\":{\"@type\":\"EntryPoint\",\"urlTemplate\":\"https:\/\/missionlte.ca\/continuite-des-affaires\/?s={search_term_string}\"},\"query-input\":{\"@type\":\"PropertyValueSpecification\",\"valueRequired\":true,\"valueName\":\"search_term_string\"}}],\"inLanguage\":\"en-US\"},{\"@type\":\"Organization\",\"@id\":\"https:\/\/missionlte.ca\/continuite-des-affaires\/#organization\",\"name\":\"Mission LTE\",\"url\":\"https:\/\/missionlte.ca\/continuite-des-affaires\/\",\"logo\":{\"@type\":\"ImageObject\",\"inLanguage\":\"en-US\",\"@id\":\"https:\/\/missionlte.ca\/continuite-des-affaires\/#\/schema\/logo\/image\/\",\"url\":\"https:\/\/missionlte.ca\/continuite-des-affaires\/wp-content\/uploads\/2017\/02\/Mission-LTE-Rel\u00e8ve-Internet-Panne-connexion-urgence-LTE-Montr\u00e9al-Quebec-Logo.png\",\"contentUrl\":\"https:\/\/missionlte.ca\/continuite-des-affaires\/wp-content\/uploads\/2017\/02\/Mission-LTE-Rel\u00e8ve-Internet-Panne-connexion-urgence-LTE-Montr\u00e9al-Quebec-Logo.png\",\"width\":2209,\"height\":473,\"caption\":\"Mission LTE\"},\"image\":{\"@id\":\"https:\/\/missionlte.ca\/continuite-des-affaires\/#\/schema\/logo\/image\/\"},\"sameAs\":[\"https:\/\/www.facebook.com\/missionlte\"]}]}<\/script>\n<!-- \/ Yoast SEO plugin. -->","yoast_head_json":{"title":"\u00c0 Propos - Votre R\u00e9f\u00e9rence en Continuit\u00e9 des Affaires","description":"Il importe donc d\u2019avoir un comportement et une parfaite int\u00e9grit\u00e9 en affaire et dans nos relations envers notre \u00c9quipe et nos Clients.","robots":{"index":"index","follow":"follow","max-snippet":"max-snippet:-1","max-image-preview":"max-image-preview:large","max-video-preview":"max-video-preview:-1"},"canonical":"https:\/\/missionlte.ca\/continuite-des-affaires\/a-propos\/","twitter_card":"summary_large_image","twitter_title":"\u00c0 Propos - Votre R\u00e9f\u00e9rence en Continuit\u00e9 des Affaires","twitter_description":"Il importe donc d\u2019avoir un comportement et une parfaite int\u00e9grit\u00e9 en affaire et dans nos relations envers notre \u00c9quipe et nos Clients.","twitter_image":"https:\/\/missionlte.ca\/continuite-des-affaires\/wp-content\/uploads\/2016\/08\/dummy-1.jpg","twitter_misc":{"Est. reading time":"2 minutes"},"schema":{"@context":"https:\/\/schema.org","@graph":[{"@type":"WebPage","@id":"https:\/\/missionlte.ca\/continuite-des-affaires\/a-propos\/","url":"https:\/\/missionlte.ca\/continuite-des-affaires\/a-propos\/","name":"\u00c0 Propos - Votre R\u00e9f\u00e9rence en Continuit\u00e9 des Affaires","isPartOf":{"@id":"https:\/\/missionlte.ca\/continuite-des-affaires\/#website"},"primaryImageOfPage":{"@id":"https:\/\/missionlte.ca\/continuite-des-affaires\/a-propos\/#primaryimage"},"image":{"@id":"https:\/\/missionlte.ca\/continuite-des-affaires\/a-propos\/#primaryimage"},"thumbnailUrl":"https:\/\/missionlte.ca\/continuite-des-affaires\/wp-content\/uploads\/2016\/08\/dummy-1.jpg","datePublished":"2016-11-10T23:52:52+00:00","dateModified":"2017-06-19T17:57:44+00:00","description":"Il importe donc d\u2019avoir un comportement et une parfaite int\u00e9grit\u00e9 en affaire et dans nos relations envers notre \u00c9quipe et nos Clients.","breadcrumb":{"@id":"https:\/\/missionlte.ca\/continuite-des-affaires\/a-propos\/#breadcrumb"},"inLanguage":"en-US","potentialAction":[{"@type":"ReadAction","target":["https:\/\/missionlte.ca\/continuite-des-affaires\/a-propos\/"]}]},{"@type":"ImageObject","inLanguage":"en-US","@id":"https:\/\/missionlte.ca\/continuite-des-affaires\/a-propos\/#primaryimage","url":"https:\/\/missionlte.ca\/continuite-des-affaires\/wp-content\/uploads\/2016\/08\/dummy-1.jpg","contentUrl":"https:\/\/missionlte.ca\/continuite-des-affaires\/wp-content\/uploads\/2016\/08\/dummy-1.jpg","width":400,"height":260},{"@type":"BreadcrumbList","@id":"https:\/\/missionlte.ca\/continuite-des-affaires\/a-propos\/#breadcrumb","itemListElement":[{"@type":"ListItem","position":1,"name":"Home","item":"https:\/\/missionlte.ca\/continuite-des-affaires\/"},{"@type":"ListItem","position":2,"name":"\u00c0 propos"}]},{"@type":"WebSite","@id":"https:\/\/missionlte.ca\/continuite-des-affaires\/#website","url":"https:\/\/missionlte.ca\/continuite-des-affaires\/","name":"Mission LTE","description":"Votre R\u00e9f\u00e9rence en Continuit\u00e9 des Affaires","publisher":{"@id":"https:\/\/missionlte.ca\/continuite-des-affaires\/#organization"},"potentialAction":[{"@type":"SearchAction","target":{"@type":"EntryPoint","urlTemplate":"https:\/\/missionlte.ca\/continuite-des-affaires\/?s={search_term_string}"},"query-input":{"@type":"PropertyValueSpecification","valueRequired":true,"valueName":"search_term_string"}}],"inLanguage":"en-US"},{"@type":"Organization","@id":"https:\/\/missionlte.ca\/continuite-des-affaires\/#organization","name":"Mission LTE","url":"https:\/\/missionlte.ca\/continuite-des-affaires\/","logo":{"@type":"ImageObject","inLanguage":"en-US","@id":"https:\/\/missionlte.ca\/continuite-des-affaires\/#\/schema\/logo\/image\/","url":"https:\/\/missionlte.ca\/continuite-des-affaires\/wp-content\/uploads\/2017\/02\/Mission-LTE-Rel\u00e8ve-Internet-Panne-connexion-urgence-LTE-Montr\u00e9al-Quebec-Logo.png","contentUrl":"https:\/\/missionlte.ca\/continuite-des-affaires\/wp-content\/uploads\/2017\/02\/Mission-LTE-Rel\u00e8ve-Internet-Panne-connexion-urgence-LTE-Montr\u00e9al-Quebec-Logo.png","width":2209,"height":473,"caption":"Mission LTE"},"image":{"@id":"https:\/\/missionlte.ca\/continuite-des-affaires\/#\/schema\/logo\/image\/"},"sameAs":["https:\/\/www.facebook.com\/missionlte"]}]}},"_links":{"self":[{"href":"https:\/\/missionlte.ca\/continuite-des-affaires\/wp-json\/wp\/v2\/pages\/332","targetHints":{"allow":["GET"]}}],"collection":[{"href":"https:\/\/missionlte.ca\/continuite-des-affaires\/wp-json\/wp\/v2\/pages"}],"about":[{"href":"https:\/\/missionlte.ca\/continuite-des-affaires\/wp-json\/wp\/v2\/types\/page"}],"author":[{"embeddable":true,"href":"https:\/\/missionlte.ca\/continuite-des-affaires\/wp-json\/wp\/v2\/users\/1"}],"replies":[{"embeddable":true,"href":"https:\/\/missionlte.ca\/continuite-des-affaires\/wp-json\/wp\/v2\/comments?post=332"}],"version-history":[{"count":40,"href":"https:\/\/missionlte.ca\/continuite-des-affaires\/wp-json\/wp\/v2\/pages\/332\/revisions"}],"predecessor-version":[{"id":1048,"href":"https:\/\/missionlte.ca\/continuite-des-affaires\/wp-json\/wp\/v2\/pages\/332\/revisions\/1048"}],"wp:featuredmedia":[{"embeddable":true,"href":"https:\/\/missionlte.ca\/continuite-des-affaires\/wp-json\/wp\/v2\/media\/12"}],"wp:attachment":[{"href":"https:\/\/missionlte.ca\/continuite-des-affaires\/wp-json\/wp\/v2\/media?parent=332"}],"curies":[{"name":"wp","href":"https:\/\/api.w.org\/{rel}","templated":true}]}}